{"id":17040,"date":"2024-05-02T09:17:50","date_gmt":"2024-05-02T09:17:51","guid":{"rendered":"https:\/\/contractbeds.eu\/?post_type=product&#038;p=17040"},"modified":"2024-11-25T15:01:44","modified_gmt":"2024-11-25T15:01:44","slug":"vario-hybrid-medium-hard","status":"publish","type":"product","link":"https:\/\/contractbeds.eu\/de\/produkt\/vario-hybrid-medium-hard\/","title":{"rendered":"Vario Hybrid Medium Hard"},"content":{"rendered":"<p>Diese spezielle, hochwertige Matratze bietet Ihren G\u00e4sten echten Luxus und Komfort. Unsere Zonentaschenfederkernmatratze mit integriertem hochwertigen Kaltschaum-Topper gew\u00e4hrleistet sanfte K\u00f6rperkonturierung und perfekte Unterst\u00fctzung und Stabilit\u00e4t f\u00fcr die Wirbels\u00e4ule. Der feuchtigkeits- und w\u00e4rmeregulierende, hypoallergene Bezug sorgt f\u00fcr eine saubere und gesunde Schlafumgebung.<\/p>\n<p>Struktur:<\/p>\n<ul>\n<li>Weichschaumgepolsterte, zu 100 % pflanzliche, Greenfirst\u00ae Milbenschutz, feuchtigkeits- und w\u00e4rmeregulierender, hypoallergener Shapri\u00ae Matratzenbezug (mit Rei\u00dfverschluss f\u00fcr einfaches Entfernen und Waschen)<\/li>\n<li>Innerer Matratzenbezug<\/li>\n<li>6 cm dicke, extraqualitative, verst\u00e4rkte, h\u00f6here Dichte orthop\u00e4discher Kaltschaum-Komfortschicht im oberen Matratzenbereich<\/li>\n<li>2 cm dicke, extraqualitative, orthop\u00e4dische Kaltschaum-Polsterschicht<\/li>\n<li>Innerer Matratzenbezug<\/li>\n<li>PP-PES Jacquard-Zwischenmatratzenbezug zwischen der oberen Matratze und dem Matratzenkern<\/li>\n<li>2 cm dicke, extraqualitative, atmungsaktive orthop\u00e4dische Kaltschaum-Polsterschicht<\/li>\n<li>2 cm dicke hochdichte, orthop\u00e4dische Kaltschaum-Druckentlastungsschicht<\/li>\n<li>Gesteppter Filz<\/li>\n<li>12,5 cm dicke Zonentaschenfederkern-Kern in 7 anatomische Zonen unterteilt, verst\u00e4rkter orthop\u00e4discher Kaltschaumrahmen<\/li>\n<li>Gesteppter Filz<\/li>\n<li>4 cm dicke, extraqualitative, atmungsaktive orthop\u00e4dische Kaltschaum-Polsterschicht<\/li>\n<li>AntiSlip\u00ae Anti-Rutsch-Matratzenbezug<\/li>\n<\/ul>\n","protected":false},"excerpt":{"rendered":"<p>Zonentaschenfederkernmatratze mit hochwertigem Kaltschaum-Topper integriert, feuchtigkeits- und w\u00e4rmeregulierender, hypoallergener Bezug<\/p>\n","protected":false},"featured_media":17013,"template":"","meta":[],"product_brand":[],"product_cat":[118],"product_tag":[],"class_list":{"0":"post-17040","1":"product","2":"type-product","3":"status-publish","4":"has-post-thumbnail","6":"product_cat-matratzen","8":"first","9":"instock","10":"featured","11":"shipping-taxable","12":"purchasable","13":"product-type-variable","14":"has-default-attributes"},"composite_layout":"","composite_add_to_cart_form_location":"","composite_editable_in_cart":false,"composite_sold_individually_context":"","composite_shop_price_calc":"","composite_components":[],"composite_scenarios":[],"yoast_head":"<!-- This site is optimized with the Yoast SEO plugin v27.0 - https:\/\/yoast.com\/product\/yoast-seo-wordpress\/ -->\n<title>Vario Hybrid Medium Hard - Bio-Textima - Bedding, Interior, Object<\/title>\n<meta name=\"robots\" content=\"index, follow, max-snippet:-1, max-image-preview:large, max-video-preview:-1\" \/>\n<link rel=\"canonical\" href=\"https:\/\/contractbeds.eu\/de\/produkt\/vario-hybrid-medium-hard\/\" \/>\n<meta property=\"og:locale\" content=\"de_DE\" \/>\n<meta property=\"og:type\" content=\"article\" \/>\n<meta property=\"og:title\" content=\"Vario Hybrid Medium Hard - Bio-Textima - Bedding, Interior, Object\" \/>\n<meta property=\"og:description\" content=\"Zonentaschenfederkernmatratze mit hochwertigem Kaltschaum-Topper integriert, feuchtigkeits- und w\u00e4rmeregulierender, hypoallergener Bezug\" \/>\n<meta property=\"og:url\" content=\"https:\/\/contractbeds.eu\/de\/produkt\/vario-hybrid-medium-hard\/\" \/>\n<meta property=\"og:site_name\" content=\"Bio-Textima - Bedding, Interior, Object\" \/>\n<meta property=\"article:modified_time\" content=\"2024-11-25T15:01:44+00:00\" \/>\n<meta property=\"og:image\" content=\"https:\/\/contractbeds.eu\/wp-content\/uploads\/2024\/05\/Vario-Hybrid-MEDIUM-HARD-matrac-1.jpeg\" \/>\n\t<meta property=\"og:image:width\" content=\"327\" \/>\n\t<meta property=\"og:image:height\" content=\"200\" \/>\n\t<meta property=\"og:image:type\" content=\"image\/jpeg\" \/>\n<meta name=\"twitter:card\" content=\"summary_large_image\" \/>\n<meta name=\"twitter:label1\" content=\"Gesch\u00e4tzte Lesezeit\" \/>\n\t<meta name=\"twitter:data1\" content=\"1\u00a0Minute\" \/>\n<script type=\"application\/ld+json\" class=\"yoast-schema-graph\">{\"@context\":\"https:\/\/schema.org\",\"@graph\":[{\"@type\":\"WebPage\",\"@id\":\"https:\/\/contractbeds.eu\/de\/produkt\/vario-hybrid-medium-hard\/\",\"url\":\"https:\/\/contractbeds.eu\/de\/produkt\/vario-hybrid-medium-hard\/\",\"name\":\"Vario Hybrid Medium Hard - Bio-Textima - Bedding, Interior, Object\",\"isPartOf\":{\"@id\":\"https:\/\/contractbeds.eu\/de\/#website\"},\"primaryImageOfPage\":{\"@id\":\"https:\/\/contractbeds.eu\/de\/produkt\/vario-hybrid-medium-hard\/#primaryimage\"},\"image\":{\"@id\":\"https:\/\/contractbeds.eu\/de\/produkt\/vario-hybrid-medium-hard\/#primaryimage\"},\"thumbnailUrl\":\"https:\/\/contractbeds.eu\/wp-content\/uploads\/2024\/05\/Vario-Hybrid-MEDIUM-HARD-matrac-1.jpeg\",\"datePublished\":\"2024-05-02T09:17:51+00:00\",\"dateModified\":\"2024-11-25T15:01:44+00:00\",\"breadcrumb\":{\"@id\":\"https:\/\/contractbeds.eu\/de\/produkt\/vario-hybrid-medium-hard\/#breadcrumb\"},\"inLanguage\":\"de\",\"potentialAction\":[{\"@type\":\"ReadAction\",\"target\":[\"https:\/\/contractbeds.eu\/de\/produkt\/vario-hybrid-medium-hard\/\"]}]},{\"@type\":\"ImageObject\",\"inLanguage\":\"de\",\"@id\":\"https:\/\/contractbeds.eu\/de\/produkt\/vario-hybrid-medium-hard\/#primaryimage\",\"url\":\"https:\/\/contractbeds.eu\/wp-content\/uploads\/2024\/05\/Vario-Hybrid-MEDIUM-HARD-matrac-1.jpeg\",\"contentUrl\":\"https:\/\/contractbeds.eu\/wp-content\/uploads\/2024\/05\/Vario-Hybrid-MEDIUM-HARD-matrac-1.jpeg\",\"width\":327,\"height\":200},{\"@type\":\"BreadcrumbList\",\"@id\":\"https:\/\/contractbeds.eu\/de\/produkt\/vario-hybrid-medium-hard\/#breadcrumb\",\"itemListElement\":[{\"@type\":\"ListItem\",\"position\":1,\"name\":\"Startseite\",\"item\":\"https:\/\/contractbeds.eu\/de\/\"},{\"@type\":\"ListItem\",\"position\":2,\"name\":\"Produkte\",\"item\":\"https:\/\/contractbeds.eu\/de\/produkte\/\"},{\"@type\":\"ListItem\",\"position\":3,\"name\":\"Vario Hybrid Medium Hard\"}]},{\"@type\":\"WebSite\",\"@id\":\"https:\/\/contractbeds.eu\/de\/#website\",\"url\":\"https:\/\/contractbeds.eu\/de\/\",\"name\":\"Bio-Textima H\u00e1l\u00f3szoba Manufakt\u00fara\",\"description\":\"Betten und Matratzen f\u00fcr Hotels und Unterk\u00fcnfte\",\"publisher\":{\"@id\":\"https:\/\/contractbeds.eu\/de\/#organization\"},\"potentialAction\":[{\"@type\":\"SearchAction\",\"target\":{\"@type\":\"EntryPoint\",\"urlTemplate\":\"https:\/\/contractbeds.eu\/de\/?s={search_term_string}\"},\"query-input\":{\"@type\":\"PropertyValueSpecification\",\"valueRequired\":true,\"valueName\":\"search_term_string\"}}],\"inLanguage\":\"de\"},{\"@type\":\"Organization\",\"@id\":\"https:\/\/contractbeds.eu\/de\/#organization\",\"name\":\"BIO-TEXTIMA Kft.\",\"url\":\"https:\/\/contractbeds.eu\/de\/\",\"logo\":{\"@type\":\"ImageObject\",\"inLanguage\":\"de\",\"@id\":\"https:\/\/contractbeds.eu\/de\/#\/schema\/logo\/image\/\",\"url\":\"https:\/\/contractbeds.eu\/wp-content\/uploads\/2021\/03\/biotex_logo.jpg\",\"contentUrl\":\"https:\/\/contractbeds.eu\/wp-content\/uploads\/2021\/03\/biotex_logo.jpg\",\"width\":335,\"height\":149,\"caption\":\"BIO-TEXTIMA Kft.\"},\"image\":{\"@id\":\"https:\/\/contractbeds.eu\/de\/#\/schema\/logo\/image\/\"}}]}<\/script>\n<!-- \/ Yoast SEO plugin. -->","yoast_head_json":{"title":"Vario Hybrid Medium Hard - Bio-Textima - Bedding, Interior, Object","robots":{"index":"index","follow":"follow","max-snippet":"max-snippet:-1","max-image-preview":"max-image-preview:large","max-video-preview":"max-video-preview:-1"},"canonical":"https:\/\/contractbeds.eu\/de\/produkt\/vario-hybrid-medium-hard\/","og_locale":"de_DE","og_type":"article","og_title":"Vario Hybrid Medium Hard - Bio-Textima - Bedding, Interior, Object","og_description":"Zonentaschenfederkernmatratze mit hochwertigem Kaltschaum-Topper integriert, feuchtigkeits- und w\u00e4rmeregulierender, hypoallergener Bezug","og_url":"https:\/\/contractbeds.eu\/de\/produkt\/vario-hybrid-medium-hard\/","og_site_name":"Bio-Textima - Bedding, Interior, Object","article_modified_time":"2024-11-25T15:01:44+00:00","og_image":[{"width":327,"height":200,"url":"https:\/\/contractbeds.eu\/wp-content\/uploads\/2024\/05\/Vario-Hybrid-MEDIUM-HARD-matrac-1.jpeg","type":"image\/jpeg"}],"twitter_card":"summary_large_image","twitter_misc":{"Gesch\u00e4tzte Lesezeit":"1\u00a0Minute"},"schema":{"@context":"https:\/\/schema.org","@graph":[{"@type":"WebPage","@id":"https:\/\/contractbeds.eu\/de\/produkt\/vario-hybrid-medium-hard\/","url":"https:\/\/contractbeds.eu\/de\/produkt\/vario-hybrid-medium-hard\/","name":"Vario Hybrid Medium Hard - Bio-Textima - Bedding, Interior, Object","isPartOf":{"@id":"https:\/\/contractbeds.eu\/de\/#website"},"primaryImageOfPage":{"@id":"https:\/\/contractbeds.eu\/de\/produkt\/vario-hybrid-medium-hard\/#primaryimage"},"image":{"@id":"https:\/\/contractbeds.eu\/de\/produkt\/vario-hybrid-medium-hard\/#primaryimage"},"thumbnailUrl":"https:\/\/contractbeds.eu\/wp-content\/uploads\/2024\/05\/Vario-Hybrid-MEDIUM-HARD-matrac-1.jpeg","datePublished":"2024-05-02T09:17:51+00:00","dateModified":"2024-11-25T15:01:44+00:00","breadcrumb":{"@id":"https:\/\/contractbeds.eu\/de\/produkt\/vario-hybrid-medium-hard\/#breadcrumb"},"inLanguage":"de","potentialAction":[{"@type":"ReadAction","target":["https:\/\/contractbeds.eu\/de\/produkt\/vario-hybrid-medium-hard\/"]}]},{"@type":"ImageObject","inLanguage":"de","@id":"https:\/\/contractbeds.eu\/de\/produkt\/vario-hybrid-medium-hard\/#primaryimage","url":"https:\/\/contractbeds.eu\/wp-content\/uploads\/2024\/05\/Vario-Hybrid-MEDIUM-HARD-matrac-1.jpeg","contentUrl":"https:\/\/contractbeds.eu\/wp-content\/uploads\/2024\/05\/Vario-Hybrid-MEDIUM-HARD-matrac-1.jpeg","width":327,"height":200},{"@type":"BreadcrumbList","@id":"https:\/\/contractbeds.eu\/de\/produkt\/vario-hybrid-medium-hard\/#breadcrumb","itemListElement":[{"@type":"ListItem","position":1,"name":"Startseite","item":"https:\/\/contractbeds.eu\/de\/"},{"@type":"ListItem","position":2,"name":"Produkte","item":"https:\/\/contractbeds.eu\/de\/produkte\/"},{"@type":"ListItem","position":3,"name":"Vario Hybrid Medium Hard"}]},{"@type":"WebSite","@id":"https:\/\/contractbeds.eu\/de\/#website","url":"https:\/\/contractbeds.eu\/de\/","name":"Bio-Textima H\u00e1l\u00f3szoba Manufakt\u00fara","description":"Betten und Matratzen f\u00fcr Hotels und Unterk\u00fcnfte","publisher":{"@id":"https:\/\/contractbeds.eu\/de\/#organization"},"potentialAction":[{"@type":"SearchAction","target":{"@type":"EntryPoint","urlTemplate":"https:\/\/contractbeds.eu\/de\/?s={search_term_string}"},"query-input":{"@type":"PropertyValueSpecification","valueRequired":true,"valueName":"search_term_string"}}],"inLanguage":"de"},{"@type":"Organization","@id":"https:\/\/contractbeds.eu\/de\/#organization","name":"BIO-TEXTIMA Kft.","url":"https:\/\/contractbeds.eu\/de\/","logo":{"@type":"ImageObject","inLanguage":"de","@id":"https:\/\/contractbeds.eu\/de\/#\/schema\/logo\/image\/","url":"https:\/\/contractbeds.eu\/wp-content\/uploads\/2021\/03\/biotex_logo.jpg","contentUrl":"https:\/\/contractbeds.eu\/wp-content\/uploads\/2021\/03\/biotex_logo.jpg","width":335,"height":149,"caption":"BIO-TEXTIMA Kft."},"image":{"@id":"https:\/\/contractbeds.eu\/de\/#\/schema\/logo\/image\/"}}]}},"_links":{"self":[{"href":"https:\/\/contractbeds.eu\/de\/wp-json\/wp\/v2\/product\/17040","targetHints":{"allow":["GET"]}}],"collection":[{"href":"https:\/\/contractbeds.eu\/de\/wp-json\/wp\/v2\/product"}],"about":[{"href":"https:\/\/contractbeds.eu\/de\/wp-json\/wp\/v2\/types\/product"}],"wp:featuredmedia":[{"embeddable":true,"href":"https:\/\/contractbeds.eu\/de\/wp-json\/wp\/v2\/media\/17013"}],"wp:attachment":[{"href":"https:\/\/contractbeds.eu\/de\/wp-json\/wp\/v2\/media?parent=17040"}],"wp:term":[{"taxonomy":"product_brand","embeddable":true,"href":"https:\/\/contractbeds.eu\/de\/wp-json\/wp\/v2\/product_brand?post=17040"},{"taxonomy":"product_cat","embeddable":true,"href":"https:\/\/contractbeds.eu\/de\/wp-json\/wp\/v2\/product_cat?post=17040"},{"taxonomy":"product_tag","embeddable":true,"href":"https:\/\/contractbeds.eu\/de\/wp-json\/wp\/v2\/product_tag?post=17040"}],"curies":[{"name":"wp","href":"https:\/\/api.w.org\/{rel}","templated":true}]}}

<p>Diese spezielle, hochwertige Matratze bietet Ihren Gästen echten Luxus und Komfort. Unsere Zonentaschenfederkernmatratze mit integriertem hochwertigen Kaltschaum-Topper gewährleistet sanfte Körperkonturierung und perfekte Unterstützung und Stabilität für die Wirbelsäule. Der feuchtigkeits- und wärmeregulierende, hypoallergene Bezug sorgt für eine saubere und gesunde Schlafumgebung.</p>
<p>Struktur:</p>
<ul>
<li>Weichschaumgepolsterte, zu 100 % pflanzliche, Greenfirst® Milbenschutz, feuchtigkeits- und wärmeregulierender, hypoallergener Shapri® Matratzenbezug (mit Reißverschluss für einfaches Entfernen und Waschen)</li>
<li>Innerer Matratzenbezug</li>
<li>6 cm dicke, extraqualitative, verstärkte, höhere Dichte orthopädischer Kaltschaum-Komfortschicht im oberen Matratzenbereich</li>
<li>2 cm dicke, extraqualitative, orthopädische Kaltschaum-Polsterschicht</li>
<li>Innerer Matratzenbezug</li>
<li>PP-PES Jacquard-Zwischenmatratzenbezug zwischen der oberen Matratze und dem Matratzenkern</li>
<li>2 cm dicke, extraqualitative, atmungsaktive orthopädische Kaltschaum-Polsterschicht</li>
<li>2 cm dicke hochdichte, orthopädische Kaltschaum-Druckentlastungsschicht</li>
<li>Gesteppter Filz</li>
<li>12,5 cm dicke Zonentaschenfederkern-Kern in 7 anatomische Zonen unterteilt, verstärkter orthopädischer Kaltschaumrahmen</li>
<li>Gesteppter Filz</li>
<li>4 cm dicke, extraqualitative, atmungsaktive orthopädische Kaltschaum-Polsterschicht</li>
<li>AntiSlip® Anti-Rutsch-Matratzenbezug</li>
</ul>

<p>Zonentaschenfederkernmatratze mit hochwertigem Kaltschaum-Topper integriert, feuchtigkeits- und wärmeregulierender, hypoallergener Bezug</p>

<!-- This site is optimized with the Yoast SEO plugin v27.0 - https://yoast.com/product/yoast-seo-wordpress/ -->
<title>Vario Hybrid Medium Hard - Bio-Textima - Bedding, Interior, Object</title>
<meta name="robots" content="index, follow, max-snippet:-1, max-image-preview:large, max-video-preview:-1" />
<link rel="canonical" href="https://contractbeds.eu/de/produkt/vario-hybrid-medium-hard/" />
<meta property="og:locale" content="de_DE" />
<meta property="og:type" content="article" />
<meta property="og:title" content="Vario Hybrid Medium Hard - Bio-Textima - Bedding, Interior, Object" />
<meta property="og:description" content="Zonentaschenfederkernmatratze mit hochwertigem Kaltschaum-Topper integriert, feuchtigkeits- und wärmeregulierender, hypoallergener Bezug" />
<meta property="og:url" content="https://contractbeds.eu/de/produkt/vario-hybrid-medium-hard/" />
<meta property="og:site_name" content="Bio-Textima - Bedding, Interior, Object" />
<meta property="article:modified_time" content="2024-11-25T15:01:44+00:00" />
<meta property="og:image" content="https://contractbeds.eu/wp-content/uploads/2024/05/Vario-Hybrid-MEDIUM-HARD-matrac-1.jpeg" />
	<meta property="og:image:width" content="327" />
	<meta property="og:image:height" content="200" />
	<meta property="og:image:type" content="image/jpeg" />
<meta name="twitter:card" content="summary_large_image" />
<meta name="twitter:label1" content="Geschätzte Lesezeit" />
	<meta name="twitter:data1" content="1 Minute" />
<script type="application/ld+json" class="yoast-schema-graph">{"@context":"https://schema.org","@graph":[{"@type":"WebPage","@id":"https://contractbeds.eu/de/produkt/vario-hybrid-medium-hard/","url":"https://contractbeds.eu/de/produkt/vario-hybrid-medium-hard/","name":"Vario Hybrid Medium Hard - Bio-Textima - Bedding, Interior, Object","isPartOf":{"@id":"https://contractbeds.eu/de/#website"},"primaryImageOfPage":{"@id":"https://contractbeds.eu/de/produkt/vario-hybrid-medium-hard/#primaryimage"},"image":{"@id":"https://contractbeds.eu/de/produkt/vario-hybrid-medium-hard/#primaryimage"},"thumbnailUrl":"https://contractbeds.eu/wp-content/uploads/2024/05/Vario-Hybrid-MEDIUM-HARD-matrac-1.jpeg","datePublished":"2024-05-02T09:17:51+00:00","dateModified":"2024-11-25T15:01:44+00:00","breadcrumb":{"@id":"https://contractbeds.eu/de/produkt/vario-hybrid-medium-hard/#breadcrumb"},"inLanguage":"de","potentialAction":[{"@type":"ReadAction","target":["https://contractbeds.eu/de/produkt/vario-hybrid-medium-hard/"]}]},{"@type":"ImageObject","inLanguage":"de","@id":"https://contractbeds.eu/de/produkt/vario-hybrid-medium-hard/#primaryimage","url":"https://contractbeds.eu/wp-content/uploads/2024/05/Vario-Hybrid-MEDIUM-HARD-matrac-1.jpeg","contentUrl":"https://contractbeds.eu/wp-content/uploads/2024/05/Vario-Hybrid-MEDIUM-HARD-matrac-1.jpeg","width":327,"height":200},{"@type":"BreadcrumbList","@id":"https://contractbeds.eu/de/produkt/vario-hybrid-medium-hard/#breadcrumb","itemListElement":[{"@type":"ListItem","position":1,"name":"Startseite","item":"https://contractbeds.eu/de/"},{"@type":"ListItem","position":2,"name":"Produkte","item":"https://contractbeds.eu/de/produkte/"},{"@type":"ListItem","position":3,"name":"Vario Hybrid Medium Hard"}]},{"@type":"WebSite","@id":"https://contractbeds.eu/de/#website","url":"https://contractbeds.eu/de/","name":"Bio-Textima Hálószoba Manufaktúra","description":"Betten und Matratzen für Hotels und Unterkünfte","publisher":{"@id":"https://contractbeds.eu/de/#organization"},"potentialAction":[{"@type":"SearchAction","target":{"@type":"EntryPoint","urlTemplate":"https://contractbeds.eu/de/?s={search_term_string}"},"query-input":{"@type":"PropertyValueSpecification","valueRequired":true,"valueName":"search_term_string"}}],"inLanguage":"de"},{"@type":"Organization","@id":"https://contractbeds.eu/de/#organization","name":"BIO-TEXTIMA Kft.","url":"https://contractbeds.eu/de/","logo":{"@type":"ImageObject","inLanguage":"de","@id":"https://contractbeds.eu/de/#/schema/logo/image/","url":"https://contractbeds.eu/wp-content/uploads/2021/03/biotex_logo.jpg","contentUrl":"https://contractbeds.eu/wp-content/uploads/2021/03/biotex_logo.jpg","width":335,"height":149,"caption":"BIO-TEXTIMA Kft."},"image":{"@id":"https://contractbeds.eu/de/#/schema/logo/image/"}}]}</script>
<!-- / Yoast SEO plugin. -->

Zonentaschenfederkernmatratze mit hochwertigem Kaltschaum-Topper integriert, feuchtigkeits- und wärmeregulierender, hypoallergener Bezug

Bio-Textima Hálószoba Manufaktúra

Betten und Matratzen für Hotels und Unterkünfte
